?
38
Calculate the remainder when 3777 is divided by 5.
2
Calculate the remainder when 1289 is divided by 96.
41
What is the remainder when 851 is divided by 19?
15
What is the remainder when 71 is divided by 39?
32
What is the remainder when 93 is divided by 35?
23
Calculate the remainder when 259 is divided by 34.
21
What is the remainder when 961 is divided by 23?
18
Calculate the remainder when 227 is divided by 117.
110
What is the remainder when 197 is divided by 9?
8
Calculate the remainder when 729 is divided by 18.
9
Calculate the remainder when 3155 is divided by 316.
311
Calculate the remainder when 195 is divided by 49.
48
Calculate the remainder when 596 is divided by 180.
56
What is the remainder when 1583 is divided by 122?
119
What is the remainder when 4685 is divided by 64?
13
Calculate the remainder when 263 is divided by 81.
20
What is the remainder when 8429 is divided by 15?
14
What is the remainder when 7 is divided by 2?
1
Calculate the remainder when 16 is divided by 4.
0
What is the remainder when 81 is divided by 22?
15
What is the remainder when 490 is divided by 60?
10
Calculate the remainder when 195 is divided by 51.
42
Calculate the remainder when 11532 is divided by 3844.
0
What is the remainder when 20 is divided by 10?
0
What is the remainder when 150 is divided by 39?
33
Calculate the remainder when 391 is divided by 121.
28
Calculate the remainder when 460 is divided by 198.
64
What is the remainder when 147 is divided by 70?
7
Calculate the remainder when 3007 is divided by 201.
193
Calculate the remainder when 2471 is divided by 177.
170
What is the remainder when 416 is divided by 22?
20
What is the remainder when 243 is divided by 41?
38
Calculate the remainder when 3712 is divided by 3702.
10
Calculate the remainder when 17070 is divided by 8.
6
What is the remainder when 23199 is divided by 16?
15
What is the remainder when 427 is divided by 209?
9
Calculate the remainder when 9070 is divided by 2266.
6
Calculate the remainder when 2169 is divided by 51.
27
What is the remainder when 238 is divided by 12?
10
Calculate the remainder when 157 is divided by 10.
7
Calculate the remainder when 55 is divided by 46.
9
What is the remainder when 1044 is divided by 36?
0
What is the remainder when 955 is divided by 952?
3
What is the remainder when 1152 is divided by 77?
74
Calculate the remainder when 182 is divided by 58.
8
Calculate the remainder when 217 is divided by 17.
13
What is the remainder when 1464 is divided by 60?
24
What is the remainder when 228 is divided by 73?
9
Calculate the remainder when 715 is divided by 90.
85
What is the remainder when 357 is divided by 35?
7
Calculate the remainder when 83 is divided by 18.
11
What is the remainder when 114 is divided by 54?
6
Calculate the remainder when 1837 is divided by 391.
273
What is the remainder when 104 is divided by 29?
17
Calculate the remainder when 183 is divided by 6.
3
Calculate the remainder when 1221 is divided by 26.
25
What is the remainder when 75 is divided by 29?
17
Calculate the remainder when 377 is divided by 98.
83
What is the remainder when 2490 is divided by 24?
18
Calculate the remainder when 7161 is divided by 13.
11
What is the remainder when 12833 is divided by 33?
29
Calculate the remainder when 25 is divided by 13.
12
Calculate the remainder when 266 is divided by 38.
0
What is the remainder when 127 is divided by 99?
28
What is the remainder when 2130 is divided by 164?
162
What is the remainder when 334 is divided by 115?
104
What is the remainder when 1243 is divided by 183?
145
What is the remainder when 1568 is divided by 90?
38
Calculate the remainder when 227 is divided by 42.
17
Calculate the remainder when 320 is divided by 17.
14
Calculate the remainder when 972 is divided by 52.
36
Calculate the remainder when 1038 is divided by 40.
38
What is the remainder when 434 is divided by 69?
20
What is the remainder when 206 is divided by 57?
35
Calculate the remainder when 80 is divided by 31.
18
Calculate the remainder when 598 is divided by 15.
13
What is the remainder when 944 is divided by 67?
6
What is the remainder when 529 is divided by 7?
4
Calculate the remainder when 3043 is divided by 32.
3
What is the remainder when 116 is divided by 20?
16
What is the remainder when 182 is divided by 47?
41
What is the remainder when 40 is divided by 22?
18
Calculate the remainder when 1074 is divided by 348.
30
Calculate the remainder when 2078 is divided by 501.
74
Calculate the remainder when 154 is divided by 19.
2
Calculate the remainder when 1028 is divided by 204.
8
What is the remainder when 105 is divided by 31?
12
Calculate the remainder when 349 is divided by 180.
169
What is the remainder when 1377 is divided by 5?
2
What is the remainder when 146 is divided by 36?
2
What is the remainder when 195 is divided by 45?
15
Calculate the remainder when 8024 is divided by 107.
106
What is the remainder when 1981 is divided by 1951?
30
What is the remainder when 262 is divided by 84?
10
What is the remainder when 810 is divided by 116?
114
Calculate the remainder when 1277 is divided by 160.
157
What is the remainder when 62638 is divided by 87?
85
What is the remainder when 284 is divided by 50?
34
What is the remainder when 307 is divided by 37?
11
What is the remainder when 625 is divided by 64?
49
Calculate the remainder when 1081 is divided by 46.
23
Calculate the remainder when 667 is divided by 45.
37
What is the remainder when 455 is divided by 425?
30
Calculate the remainder when 1545 is divided by 12.
9
What is the remainder when 239 is divided by 60?
59
What is the remainder when 1153 is divided by 35?
33
What is the remainder when 753 is divided by 26?
25
Calculate the remainder when 453 is divided by 115.
108
What is the remainder when 1484 is divided by 71?
64
What is the remainder when 1559 is divided by 223?
221
What is the remainder when 3738 is divided by 170?
168
What is the remainder when 157 is divided by 109?
48
Calculate the remainder when 109 is divided by 40.
29
What is the remainder when 193 is divided by 183?
10
Calculate the remainder when 4548 is divided by 25.
23
Calculate the remainder when 15 is divided by 10.
5
Calculate the remainder when 15 is divided by 14.
1
Calculate the remainder when 689 is divided by 333.
23
What is the remainder when 2387 is divided by 12?
11
Calculate the remainder when 82 is divided by 69.
13
Calculate the remainder when 812 is divided by 257.
41
Calculate the remainder when 417 is divided by 3.
0
What is the remainder when 549 is divided by 89?
15
Calculate the remainder when 232 is divided by 17.
11
Calculate the remainder when 86 is divided by 44.
42
What is the remainder when 303 is divided by 102?
99
Calculate the remainder when 608 is divided by 140.
48
Calculate the remainder when 391 is divided by 36.
31
Calculate the remainder when 1922 is divided by 21.
11
Calculate the remainder when 1136 is divided by 244.
160
Calculate the remainder when 1613 is divided by 101.
98
Calculate the remainder when 99 is divided by 40.
19
Calculate the remainder when 7476 is divided by 197.
187
What is the remainder when 609 is divided by 268?
73
Calculate the remainder when 725 is divided by 37.
22
Calculate the remainder when 524 is divided by 258.
8
What is the remainder when 54 is divided by 23?
8
What is the remainder when 373 is divided by 21?
16
What is the remainder when 2220 is divided by 19?
16
What is the remainder when 1516 is divided by 41?
40
What is the remainder when 1991 is divided by 655?
26
What is the remainder when 1203 is divided by 101?
92
What is the remainder when 539 is divided by 37?
21
What is the remainder when 201 is divided by 105?
96
Calculate the remainder when 115 is divided by 39.
37
Calculate the remainder when 155 is divided by 62.
31
What is the remainder when 351 is divided by 345?
6
Calculate the remainder when 178 is divided by 62.
54
What is the remainder when 1371 is divided by 99?
84
What is the remainder when 2172 is divided by 75?
72
Calculate the remainder when 86 is divided by 36.
14
Calculate the remainder when 3021 is divided by 432.
429
What is the remainder when 632 is divided by 12?
8
What is the remainder